 n, p = -k*n + 2*n + 493. Let o = p + 64. Is o a composite number?
False
Let w = 372158 - 33639. Is w composite?
True
Let v(i) = -3*i**3 + 4*i**2 - 5*i + 19. Let k be v(4). Let g = 90 - k. Is g a prime number?
False
Let y = 8 - 2. Suppose y*x = 2172 + 2754. Is x composite?
False
Let f = 16 + -12. Suppose f*s = 4*p - 4 + 8, 4*s + p = 14. Suppose 0 = -s*j + h - 2*h + 8586, -4*h - 11464 = -4*j. Is j prime?
False
Suppose 0 = -2*t + 2, -70*f + 119835 = -69*f - 4*t. Is f prime?
True
Suppose -2*z + 2*m + 0*m = -32, 4*m = 12. Suppose -z*g - 22433 = -76507. Is g composite?
True
Suppose v - 128 = 4*u, -u = -4*v + 229 + 358. Let g = -152 + v. Is 1/((-4)/10448*g) composite?
False
Suppose -3*k = -19*k + 64. Suppose -k*l = -8*l + 49756. Is l a composite number?
True
Let s(w) = -2*w + 1. Let l be s(-1). Suppose l*y + k = 2*k + 11, 5*k = 4*y - 33. Suppose 3*x + 3*q - 447 = y*x, -4*x = 3*q - 1788. Is x a prime number?
False
Suppose 20*m - 15*m + 285 = 0. Let j = m - -61. Suppose 0 = j*q - 334 - 4710. Is q a prime number?
False
Let v(r) = -r**2 - 22*r - 68. Let f be v(-4). Suppose -d + 0*d + 188 = -3*o, f*o + 569 = 3*d. Is d prime?
True
Let n = 11676 + -6053. Is n composite?
False
Let t(x) = -4*x + 37. Let r be t(9). Let g be (-275)/(-100) - r/(-4). Suppose 5*o + 2*u + u - 4340 = 0, -5*o + 4370 = -g*u. Is o a composite number?
True
Suppose 8*i = 26*i - 125*i + 40974473. Is i a composite number?
False
Let s = 456258 - 26999. Is s a prime number?
True
Let o = 11778 + 20753. Is o a prime number?
True
Let n(k) be the first derivative of 10*k**3/3 - 5*k**2 - 7*k + 2. Let y = 224 - 231. Is n(y) a prime number?
False
Let w(r) = r**3 - 2*r**2 + 2*r - 4. Let l(v) = v**2 - v + 1. Let m(q) = 2*l(q) + w(q). Let n be m(2). Let c(z) = 5*z**3 - 7*z**2 - 4*z + 3. Is c(n) prime?
False
Let q = -70 + 58. Let v be (-5 - (-42)/q)/((-2)/312). Suppose -3*z - z = -2*x + v, -x - z = -648. Is x a prime number?
True
Let q(l) = 178*l**2 + l. Let p be q(1). Suppose 8*o - 2*o + 312 = 0. Let v = p + o. Is v a composite number?
False
Let h(t) = 31 - 2*t + 55 + 26*t + 89 - 4*t**2 + 8*t**2. Is h(-24) a prime number?
False
Let k(m) = 1872*m**2 - 38*m + 243. Is k(5) a composite number?
False
Let h be 254/(-3)*(735/14)/5. Let c = -156 - h. Is c prime?
True
Suppose 3*w = -5*u + 1293551, 4*w - 6*u = -9*u + 1724720. Is w composite?
True
Suppose 694 = -4*q - 442. Let u = q + 363. Is u composite?
False
Let c(f) = 145688*f + 147. Is c(1) composite?
True
Let l(d) = -d**3 + 11*d**2 - 19*d + 12. Let q be l(9). Let o be (-4)/6 - (-16701)/9. Suppose t - z = -q*t + 7375, -4*z - o = -t. Is t a composite number?
True
Let d be (-7)/(-14)*0/2. Suppose 5*i - 4820 = -4*s - s, i - 5 = d. Is s prime?
False
Suppose 5*q = 2*f - 2110, 7*f - 5275 = 2*f - q. Suppose -62*r = -57*r - f. Is r a composite number?
False
Let b(k) = 4*k**2 - 4*k + 1. Let a be b(-2). Suppose -a*z + 21*z + 68613 = 5*s, -5*s = -5*z + 85710. Is z a prime number?
False
Let s(h) = -4*h**3 + 5*h**2 - 91*h - 23. Is s(-20) a composite number?
False
Let v = -316934 - -471577. Is v a prime number?
True
Suppose m - 12118 = 3*o, 7*m - 2*m - 60670 = -o. Is m prime?
False
Let n(h) = 48*h**2 - 15*h - 4. Let r(d) = 96*d**2 - 28*d - 8. Let c(g) = -5*n(g) + 3*r(g). Is c(9) composite?
False
Suppose -5*r + r - 2*z - 24 = 0, -5*r - 3*z - 31 = 0. Let f be r/(0 + -5) + -11*1. Is (-5)/(125/f) + 1733/5 a composite number?
False
Let c = 761 - 759. Is (c + 1638 - -9) + 8 a composite number?
False
Let v(g) = -1855*g + 241. Is v(-12) prime?
True
Let q(o) = -871*o**2 + 2*o - 19. Let h be q(-6). Let d = -18446 - h. Is d composite?
False
Is (17/(-2))/(172/(-1840744)) a prime number?
False
Let f be ((-9)/4)/(((-15)/8)/(-5)). Is 11777/f*(-114)/19 composite?
False
Let a(j) = -j**3 - 11*j**2 - 46*j - 177. Let u be a(-39). Let y = -23212 + u. Is y a composite number?
True
Suppose 145*t - 6089618 - 69024297 = 0. Is t a prime number?
False
Let c(n) = 5135*n**2 + 186*n - 13. Is c(-10) a prime number?
True
Let j(u) = -6*u**3 - 5*u**2 + 8*u + 21. Let i be j(-4). Suppose -401 = -2*s + i. Is s prime?
True
Suppose 0 = -4*p - 24, -4*r + 5*p + 104469 = -292453. Is r a prime number?
True
Let x(q) be the second derivative of -q**4/12 + 3*q**3/2 + 14*q**2 - 26*q. Let c be x(11). Is (-4666)/(-6)*(-9)/(3 - c) a prime number?
True
Suppose -9042 = -106*h + 103*h. Let b = -1471 + h. Is b composite?
False
Let j = 540687 + -352864. Is j a composite number?
False
Is -1174*16/(-64)*446 composite?
True
Suppose -5*w + 5*r + 25 = 0, -w + 5*r = -4*w + 39. Let o be (222/w)/(3/36). Suppose o = -f + 1582. Is f a prime number?
True
Let a(o) = -235*o**3 - 21*o**2 - 6*o + 71. Is a(-9) a composite number?
True
Is 532200/9 + 12/(-198)*-11 a prime number?
False
Let j(l) = 35 - 58*l - 10 - 76*l + 22*l. Is j(-27) composite?
False
Suppose 12*l - 20256 = 24*l. Let w = l - -3087. Is w prime?
True
Let c = 23636 - -113133. Is c a prime number?
True
Let u(c) = -15*c**2 + 9*c + 27. Let a = -43 - -40. Let s(z) = 16*z**2 - 10*z - 26. Let i(f) = a*u(f) - 2*s(f). Is i(-12) composite?
True
Let f(o) = -84*o - 25. Let q be (2/6)/((2 - -5)/(-42)). Let v be (-3 + 7/(-2))/((-1)/q). Is f(v) a composite number?
True
Suppose -2*w = s - 3*w - 3701, 2*w = 5*s - 18502. Let f be ((-80)/144 - 1/(-3))*-9. Suppose -f*q - 5*y = q - 2210, 5*y = -5*q + s. Is q a prime number?
False
Let w(l) = 34*l**2 + 56*l + 923. Is w(40) prime?
False
Suppose -4*u - 3*i - 75 = u, 0 = -5*i. Let j(h) = -10*h**2 + 17*h - 2 + 14*h**2 - 13 + 1. Is j(u) composite?
False
Let n(p) = 88*p - 31. Let o(v) = -89*v + 32. Let m(d) = -3*n(d) - 2*o(d). Is m(-10) a prime number?
False
Let q = -65207 + 162420. Is q a prime number?
True
Suppose -15*k + 12200 = -14065. Suppose -4*j - 1753 = -3*n, 3*n - 15*j - k = -10*j. Is n a prime number?
True
Let x = -87 + 89. Suppose 1 = t - x*l - 1, t + 4*l - 32 = 0. Is (-6252)/(-14) - t/(-28) a composite number?
True
Let u(d) = -15229*d + 457. Is u(-6) a prime number?
False
Suppose -14*a - 5300 = -5356. Let k = 2 - 2. Suppose 2*x - 4*x = a*w - 434, k = -x - 3*w + 214. Is x composite?
False
Suppose 4*s - 692 = -3*m, -m + 8*s = 9*s - 229. Suppose 0 = 6*g - 650 + m. Is g prime?
True
Let i(b) = 16*b**2 + 14. Let k be i(7). Let g = 6613 - k. Is g prime?
False
Let r = -21 - -23. Let s be r/(-10) - (-362)/10. Let v = s + 50. Is v prime?
False
Let y = 158199 + -67621. Is y prime?
False
Let l be ((-9128)/(-112))/((-1)/536). Let v = l + 87437. Is v composite?
False
Suppose 5*b + 2*g + 64696 = 0, 7*g - 11*g - 38812 = 3*b. Is b/(-2) + (-1)/(15/45) composite?
True
Let u = -124 + 126. Suppose -4*r = -5*o - 3804 + 11525, -u*r + 4615 = 3*o. Is o a composite number?
True
Let r = 476042 - 245881. Is r a composite number?
True
Let n(z) = 2*z**3 + 138*z**2 - 51*z - 105. Is n(-62) composite?
False
Let h be 4 - 6 - (0 - -101). Let f = h - -107. Suppose -t + 871 = 3*l, f*t = -l + 236 + 47. Is l composite?
True
Suppose 25 - 36 = -r - 3*i, -4 = -2*r + 3*i. Let k(p) = 9*p**3 + 3*p**2 + 4*p - 3. Is k(r) a prime number?
True
Is (-3190614)/(-252) + (-1)/6 a composite number?
True
Suppose -4*w + 5153689 = -5*t, 9*w = 10*w - 4*t - 1288425. Is w a composite number?
False
Let y be (-21)/(-56) - (-14356)/32. Let q = y - -530. Is q a prime number?
False
Suppose -165*y = -88*y - 13971772 - 4123305. Is y composite?
True
Let y = 34798 - 19827. Is y composite?
True
Suppose 2*l = 2*j + 2849 + 4307, -2*l + 3*j + 7156 = 0. Let w = -423 + l. Is w a prime number?
False
Suppose -25 = -9*a + 47. Let g(w) = w**3 - 2*w**2 + 5*w - 5. Is g(a) composite?
False
Let j be 10/65 + 144/78. Suppose k = -3*a + 5566, -j*a = -2*k + 3*a + 11187. Is k a composite number?
False
Let x be (1 + -372)*(0 + -1). Let r = -32 + x. Suppose -2*l + 635 + r = 0. Is l composite?
False
Let a be (21/(-7))/3 - 548. Let l = 1364 + a. Is l a composite number?
True
Let t = 13113 + -2722. Is t a prime number?
True
Let x(b) = -482*b**3 + 13*b**2 - 34*b + 13. Is x(-10) a composite number?
True
Suppose -3*x + 29 = -4. Suppose -12 = -x*f + 32. Suppose f*w + 4515 = 5*q, 2*q + 2746 = 5*q + 5*w. Is q composite?
False
Suppose 23*z - 2222183 = -z - 222287. Is z a prime number?
False
Let n be (-1 - 0)*(2 + -1 - 4). Suppose d = 5*i + 23, i - n - 2 = -3*d. Suppose -d*v - 614 = 2*y - 7587, 4*y - 13961 = -v. Is y a prime number?
True